{"id":252,"date":"2025-10-18T21:34:52","date_gmt":"2025-10-18T19:34:52","guid":{"rendered":"https:\/\/www.ferien-wachter.at\/?page_id=252"},"modified":"2025-11-06T09:57:08","modified_gmt":"2025-11-06T08:57:08","slug":"impressum","status":"publish","type":"page","link":"https:\/\/www.ferien-wachter.at\/?page_id=252","title":{"rendered":"Impressum"},"content":{"rendered":"\n<p><strong>F\u00fcr den Inhalt verantwortlich:<\/strong><\/p>\n\n\n\n<p>Bernd und Birgit Wachter<br>Kreuzstallweg 5 Top2<br>6780 Bartholom\u00e4berg<br>E-Mail: ferien-wachter(at)vol.at<br> \u00a9 2016 by Birgit und Bernd Wachter, Bartholom\u00e4berg \/ All rights reserved<br> Es gelten die <a href=\"https:\/\/www.ferien-wachter.at\/wp-content\/uploads\/2025\/11\/20250110_AGB_Ferienwohnungen_Montafon.pdf\">\u00f6sterreichischen Hotelvertragsbedingungen<\/a>.<br><\/p>\n\n\n\n<p><strong>Copyright<\/strong><br>Alle Texte die auf der Webseite www.ferien-wachter.at verwendet werden unterliegen ebenso wie alle Bilder, Grafiken und sonstige digitale Aufnahmen oder Dateien dem Urheberrecht sowie weiteren Gesetzen zum Schutz des geistigen Eigentums. Es ist ausdr\u00fccklich verboten, diese anderswertig zu verwenden, weiterzugeben oder gewerblich zu nutzen ohne vorab die ausdr\u00fcckliche Zustimmung von Familie Wachter einzuholen.<br><br><strong>Haftungsausschluss, Urheberrechte, Nutzungsbedingungen<br><\/strong>F\u00fcr die Inhalte externer Links, auch wenn diese vorab sorgf\u00e4ltig auf Inhalt gepr\u00fcft wurden, wird von Familie Wachter keine Haftung \u00fcbernommen. Die Verantwortung f\u00fcr die Inhalte liegt ausschlie\u00dflich bei den Betreibern und Inhabern dieser Seiten. Der Inhalt dieser Website (Texte, Grafiken, Fotos, digitale Dateien) ist urheberrechtlich gesch\u00fctzt und Eigentum der Familie Wachter. <br>Alle Rechte vorbehalten. <br>Die Verwendung von Inhalten und Bildmaterial dieser Website ist nur mit ausdr\u00fccklicher und schriftlicher Genehmigung der Fam. Wachter gestattet. Obwohl die Angaben auf dieser Website nach bestem Wissen erstellt und mit gro\u00dfer Sorgfalt auf ihre Richtigkeit \u00fcberpr\u00fcft wurden, k\u00f6nnen<br>Unvollst\u00e4ndigkeiten und Fehler nicht vollst\u00e4ndig ausgeschlossen werden. Fam. Wachter haftet jedoch nicht f\u00fcr die Richtigkeit, Aktualit\u00e4t und Vollst\u00e4ndigkeit der bereitgestellten Informationen. Alle Angaben sind ohne Gew\u00e4hr.<br><br><strong>Bildnachweis<\/strong><br>Die verwendeten Fotos und Videos sind ausschlie\u00dflich eigene Aufnahmen der Fam. Wachter.<\/p>\n","protected":false},"excerpt":{"rendered":"<p>F\u00fcr den Inhalt verantwortlich: Bernd und Birgit WachterKreuzstallweg 5 Top26780 Bartholom\u00e4bergE-Mail: ferien-wachter(at)vol.at \u00a9 2016 by Birgit und Bernd Wachter, Bartholom\u00e4berg \/ All rights reserved Es gelten die \u00f6sterreichischen Hotelvertragsbedingungen. CopyrightAlle Texte die auf der Webseite www.ferien-wachter.at verwendet werden unterliegen ebenso wie alle Bilder, Grafiken und sonstige digitale Aufnahmen oder Dateien dem Urheberrecht sowie weiteren Gesetzen &hellip; <a href=\"https:\/\/www.ferien-wachter.at\/?page_id=252\" class=\"more-link\"><span class=\"screen-reader-text\">\u201eImpressum\u201c<\/span> weiterlesen<\/a><\/p>\n","protected":false},"author":1,"featured_media":0,"parent":0,"menu_order":0,"comment_status":"closed","ping_status":"closed","template":"","meta":{"amp_status":""},"_links":{"self":[{"href":"https:\/\/www.ferien-wachter.at\/index.php?rest_route=\/wp\/v2\/pages\/252"}],"collection":[{"href":"https:\/\/www.ferien-wachter.at\/index.php?rest_route=\/wp\/v2\/pages"}],"about":[{"href":"https:\/\/www.ferien-wachter.at\/index.php?rest_route=\/wp\/v2\/types\/page"}],"author":[{"embeddable":true,"href":"https:\/\/www.ferien-wachter.at\/index.php?rest_route=\/wp\/v2\/users\/1"}],"replies":[{"embeddable":true,"href":"https:\/\/www.ferien-wachter.at\/index.php?rest_route=%2Fwp%2Fv2%2Fcomments&post=252"}],"version-history":[{"count":2,"href":"https:\/\/www.ferien-wachter.at\/index.php?rest_route=\/wp\/v2\/pages\/252\/revisions"}],"predecessor-version":[{"id":268,"href":"https:\/\/www.ferien-wachter.at\/index.php?rest_route=\/wp\/v2\/pages\/252\/revisions\/268"}],"wp:attachment":[{"href":"https:\/\/www.ferien-wachter.at\/index.php?rest_route=%2Fwp%2Fv2%2Fmedia&parent=252"}],"curies":[{"name":"wp","href":"https:\/\/api.w.org\/{rel}","templated":true}]}}